
36b
In base 7, what is -20 - -5166?
5146
In base 5, what is -410032 - 2?
-410034
In base 16, what is 1cb2 + 1?
1cb3
In base 9, what is 685 - -4?
700
In base 8, what is 10 - -136?
146
In base 11, what is -23 + -175?
-198
In base 11, what is 1 + -150?
-14a
In base 8, what is -2 + 55?
53
In base 14, what is -168 - -5?
-163
In base 9, what is -4 + 1?
-3
In base 3, what is 1100 - -10?
1110
In base 5, what is -4 - 33?
-42
In base 3, what is -102101 + -12?
-102120
In base 10, what is -43 + 3?
-40
In base 4, what is 1120 + 10?
1130
In base 9, what is -18 + -10?
-28
In base 12, what is 598b - 5?
5986
In base 14, what is -30 + -37?
-67
In base 13, what is 19 + -4?
15
In base 10, what is -1 + -122?
-123
In base 2, what is -11 + -10110100?
-10110111
In base 8, what is -1 - -1715?
1714
In base 12, what is 5 + 115?
11a
In base 2, what is 1010101100 + 11100?
1011001000
In base 15, what is -7 + -713?
-71a
In base 10, what is -368 - -2?
-366
In base 14, what is -87 - 1?
-88
In base 6, what is 15323 + -1?
15322
In base 2, what is 111001111 - 1?
111001110
In base 16, what is 271 + 5?
276
In base 16, what is c - d9?
-cd
In base 8, what is -3 - 175?
-200
In base 14, what is 1 - -18?
19
In base 10, what is 36 - -268?
304
In base 14, what is 5 + -1a6?
-1a1
In base 10, what is -2 - -376?
374
In base 2, what is -10110 + -101?
-11011
In base 4, what is 2213 - 3?
2210
In base 15, what is 21 - -1a?
3b
In base 14, what is 7 + -2?
5
In base 10, what is 292 + -2?
290
In base 3, what is -101112 + -10?
-101122
In base 15, what is 10 + -bd?
-ad
In base 14, what is -1 - -1c5?
1c4
In base 3, what is 0 + -22212?
-22212
In base 3, what is -1121021 + 12?
-1121002
In base 16, what is -3 - 2e?
-31
In base 5, what is 1 - 14431?
-14430
In base 12, what is -17a - 3?
-181
In base 5, what is 0 + -3321?
-3321
In base 9, what is -1 - -12?
11
In base 13, what is -80 + 4?
-79
In base 15, what is -10 - 0?
-10
In base 3, what is -10 + 12101?
12021
In base 5, what is -34 - -313?
224
In base 11, what is -1 + -17?
-18
In base 6, what is -5014 - 0?
-5014
In base 5, what is -11 + 32?
21
In base 7, what is 2 + 246?
251
In base 10, what is -9 + -3848?
-3857
In base 7, what is -3153 - 1?
-3154
In base 9, what is 3 + 231?
234
In base 12, what is 5 - -44?
49
In base 9, what is -1451 - -8?
-1442
In base 7, what is 1213 + 4?
1220
In base 9, what is 182 - -4?
186
In base 11, what is -298 + 7?
-291
In base 11, what is -3 + -41?
-44
In base 11, what is 978 - -2?
97a
In base 5, what is 4232 - 4?
4223
In base 14, what is 5c - -6?
64
In base 10, what is -35 - 5?
-40
In base 2, what is -10101000111 + -100?
-10101001011
In base 8, what is -1254 + -10?
-1264
In base 8, what is -15 - -5?
-10
In base 8, what is 241 + -5?
234
In base 10, what is -8 + -33?
-41
In base 15, what is 5 + -70?
-6a
In base 9, what is 3 + 174?
177
In base 10, what is -69 + 64?
-5
In base 13, what is -2 + -16b?
-170
In base 5, what is 121103 + -4?
121044
In base 2, what is 0 - 1101010?
-1101010
In base 14, what is 4 - 1a6?
-1a2
In base 12, what is 91 - 4?
89
In base 5, what is 11 + 2130?
2141
In base 16, what is -4 - 19f?
-1a3
In base 5, what is 2214 + -10?
2204
In base 9, what is -1 - 83?
-84
In base 3, what is 202 - -10?
212
In base 2, what is 101 + 111010000?
111010101
In base 11, what is 1847 - -2?
1849
In base 7, what is -20 - -4?
-13
In base 6, what is -3 + -21?
-24
In base 4, what is 120 + 30?
210
In base 15, what is 3 - 18e?
-18b
In base 3, what is -200100 - 12?
-200112
In base 11, what is 3a - 7?
33
In base 6, what is 121213 - 0?
121213
In base 9, what is -7 + 20?
12
In base 10, what is -67 - -131?
64
In base 8, what is -117 - -65?
-32
In base 11, what is 0 + -8a?
-8a
In base 9, what is -1 + -764?
-765
In base 3, what is 101 - -2120?
2221
In base 6, what is 1445 - 22?
1423
In base 6, what is -105 - 1?
-110
In base 3, what is -2 - 21?
-100
In base 10, what is -684 - -10?
-674
In base 11, what is 2 + 80?
82
In base 6, what is -11232 + 1?
-11231
In base 7, what is -3454 + -14?
-3501
In base 6, what is 145 + -4?
141
In base 12, what is 3 - -18?
1b
In base 5, what is -103 + -11?
-114
In base 12, what is -11 + 9a?
89
In base 3, what is -1102220 - 12?
-1110002
In base 11, what is -2 + -857?
-859
In base 5, what is 1102 - -10?
1112
In base 5, what is 20003 - -10?
20013
In base 15, what is -1 - -116?
115
In base 5, what is 10400 - -4?
10404
In base 7, what is -2 - 136?
-141
In base 7, what is -251 + -12?
-263
In base 10, what is 288 + -2?
286
In base 3, what is 11 - -11221221?
11222002
In base 6, what is 2 + -2523?
-2521
In base 14, what is 0 - -72?
72
In base 12, what is -26 + -45?
-6b
In base 3, what is -1 + 10111?
10110
In base 3, what is 21010 - 2001?
12002
In base 4, what is 10323 - -1011?
12000
In base 6, what is 5203 - -1?
5204
In base 12, what is 2 + 979?
97b
In base 6, what is 1000 + -11?
545
In base 6, what is -4 - -4252?
4244
In base 13, what is -3ab - 0?
-3ab
In base 6, what is 411 + 25?
440
In base 12, what is -3 - 8b?
-92
In base 16, what is -9 + -7a?
-83
In base 5, what is -311 + -3?
-314
In base 6, what is 30 + 22?
52
In base 12, what is -3 - -464?
461
In base 7, what is 0 - 105?
-105
In base 7, what is -2 + -11?
-13
In base 7, what is -1245 - 15?
-1263
In base 15, what is 4 + -10?
-b
In base 4, what is -1 + 1022?
1021
In base 4, what is 133 + -111?
22
In base 5, what is 142314 + -1?
142313
In base 4, what is 1 + 0?
1
In base 12, what is -4 - 79?
-81
In base 5, what is 2 + -111?
-104
In base 7, what is -11 - 22?
-33
In base 7, what is 24012 + 1?
24013
In base 2, what is 100010 + -101000001?
-100011111
In base 10, what is -11 + 41?
30
In base 16, what is -1 + -34?
-35
In base 14, what is ab86 - 2?
ab84
In base 7, what is 10 - -1323?
1333
In base 9, what is -8 + 1112?
1103
In base 14, what is 46 - -169?
1b1
In base 16, what is 1d - 41?
-24
In base 2, what is -1100 + -10?
-1110
In base 5, what is 10 - 113?
-103
In base 8, what is -3 - 17?
-22
In base 4, what is 12 + -33022?
-33010
In base 6, what is 3 - 55?
-52
In base 8, what is 4 - -272?
276
In base 5, what is 104 + -21?
33
In base 11, what is 160 - 4?
157
In base 13, what is 8 + 15?
20
In base 3, what is 12 - 1101?
-1012
In base 9, what is 4 - -63?
67
In base 5, what is 3022 - 0?
3022
In base 10, what is -4 - -10?
6
In base 2, what is 1 + -10011100?
-10011011
In base 6, what is 15 + 21?
40
In base 10, what is 27293 + -4?
27289
In base 7, what is 2 + -3116?
-3114
In base 2, what is 1100011 + -10?
1100001
In base 3, what is -10 - -11?
1
In base 16, what is 0 - -e1?
e1
In base 10, what is 19 + -71?
-52
In base 13, what is 2 - -10?
12
In base 5, what is 300 + -142?
103
In base 12, what is -4498 - -4?
-4494
In base 2, what is 110001 + 1110?
111111
In base 12, what is 3 + -33?
-30
In base 11, what is -100 - -2?
-a9
In base 11, what is -128 - -100?
-28
In base 15, what is -6e5 - 1?
-6e6
In base 11, what is 1a3 - -5?
1a8
In base 15, what is 2 - 5e?
-5c
In base 2, what is 10 - -10111?
11001
In base 5, what is -23 - 33?
-111
In base 6, what is 3 + -504?
-501
In base 3, what is 10222002 - -1?
10222010
In base 2, what is -11111 + 11101101?
11001110
In base 13, what is 16 + -12?
4
In base 3, what is 20 + 12?
102
In base 4, what is 133 - -100323?
101122
In base 9, what is 180 - -21?
211
In base 6, what is -5434 + 5?
-5425
In base 11, what is 2 - -129?
130
In base 4, what is -111 + 2?
-103
In base 3, what is -111 - 111?
-222
In base 13, what is -46 - -6?
-40
In base 16, what is 24 - 1?
23
In base 15, what is -2 + -1?
-3
In base 9, what is 46 - 17?
28
In base 3, what is -10 - 110121?
-110201
In base 4, what is -1121 + 3?
-1112
In base 7, what is 1 + 102?
103
In base 16, what is f + 79?
88
In base 12, what is -21a - 1?
-21b
In base 12, what is 59a - -2?
5a0
In base 8, what is 7 - -1000?
1007
In base 3, what is 2 - -20?
22
In base 5, what is -1 - -233?
232
In base 9, what is 2 + 675?
677
In base 6, what is -141 - -1?
-140
In base 11, what is 3055 + 1?
3056
In base 10, what is 152 - 1?
151
In base 7, what is -1 - -2243?
2242
In base 16, what is -949 + -2?
-94b
In base 15, what is -20 - -2?
-1d
In base 13, what is 31 + -331?
-300
In base 15, what is 2 + 22d?
230
In base 10, what is 14 + 3?
17
In base 16, what is 1cb3 - -1?
1cb4
In base 10, what is 247 - -7?
254
In base 13, what is 15 - 1aa?
